st common divisor of 15 and 75?
15
Calculate the highest common factor of 936 and 504.
72
Calculate the highest common divisor of 278 and 16124.
278
What is the greatest common divisor of 165 and 3?
3
Calculate the greatest common factor of 57 and 57.
57
Calculate the greatest common factor of 2703 and 102.
51
What is the highest common factor of 14 and 1106?
14
Calculate the greatest common factor of 13020 and 14.
14
What is the greatest common divisor of 104 and 1544?
8
What is the greatest common divisor of 4032 and 64?
64
Calculate the highest common factor of 70 and 4508.
14
What is the highest common factor of 33 and 825?
33
What is the highest common divisor of 55 and 10?
5
Calculate the greatest common factor of 44 and 66.
22
What is the highest common divisor of 2 and 8?
2
What is the highest common divisor of 198 and 22?
22
What is the highest common factor of 60 and 760?
20
Calculate the greatest common divisor of 899 and 496.
31
What is the highest common divisor of 120 and 15?
15
Calculate the greatest common divisor of 13 and 2483.
13
What is the greatest common factor of 1963 and 302?
151
Calculate the highest common divisor of 388 and 1843.
97
Calculate the highest common divisor of 16 and 288.
16
What is the greatest common factor of 418 and 44?
22
What is the greatest common divisor of 60 and 110?
10
Calculate the greatest common factor of 7 and 63.
7
What is the greatest common factor of 6586 and 259?
37
What is the greatest common factor of 3 and 5259?
3
Calculate the greatest common factor of 1625 and 50.
25
What is the highest common factor of 1757 and 63?
7
Calculate the greatest common divisor of 24 and 1304.
8
What is the greatest common divisor of 279 and 3441?
93
What is the highest common divisor of 299 and 1586?
13
Calculate the highest common factor of 3438 and 54.
18
Calculate the highest common divisor of 1278 and 1.
1
Calculate the highest common divisor of 931 and 627.
19
What is the highest common factor of 1530 and 810?
90
Calculate the greatest common factor of 1479 and 174.
87
What is the greatest common factor of 299 and 161?
23
What is the highest common divisor of 29 and 4?
1
What is the greatest common factor of 22 and 3223?
11
Calculate the highest common factor of 80 and 144.
16
What is the highest common factor of 1965 and 15?
15
What is the greatest common factor of 54 and 1242?
54
What is the greatest common factor of 44 and 3564?
44
What is the highest common factor of 8240 and 80?
80
What is the greatest common divisor of 304 and 19?
19
Calculate the greatest common divisor of 16 and 3376.
16
Calculate the highest common factor of 5872 and 32.
16
What is the greatest common divisor of 10286 and 74?
74
What is the greatest common factor of 13 and 2509?
13
What is the highest common divisor of 16 and 60?
4
Calculate the greatest common factor of 728 and 273.
91
What is the greatest common factor of 14 and 2233?
7
What is the greatest common divisor of 67 and 134?
67
Calculate the highest common factor of 574 and 205.
41
What is the greatest common divisor of 174 and 435?
87
What is the greatest common divisor of 216 and 243?
27
Calculate the greatest common factor of 48 and 2256.
48
What is the greatest common divisor of 1134 and 2106?
162
What is the highest common factor of 37 and 21053?
37
What is the highest common factor of 65 and 1066?
13
Calculate the greatest common divisor of 2 and 712.
2
What is the highest common factor of 10 and 45?
5
What is the greatest common factor of 2 and 313?
1
Calculate the highest common factor of 92 and 1242.
46
Calculate the greatest common divisor of 832 and 16.
16
Calculate the greatest common factor of 1517 and 1025.
41
Calculate the highest common factor of 40 and 60.
20
Calculate the greatest common divisor of 1316 and 28.
28
Calculate the highest common divisor of 78 and 42.
6
What is the highest common factor of 1058 and 46?
46
Calculate the highest common divisor of 235 and 5.
5
What is the greatest common divisor of 39 and 1417?
13
Calculate the greatest common factor of 284 and 781.
71
What is the highest common divisor of 94 and 94?
94
Calculate the greatest common factor of 64 and 144.
16
Calculate the greatest common divisor of 134 and 18.
2
Calculate the highest common factor of 18 and 48.
6
What is the greatest common divisor of 336 and 792?
24
What is the greatest common divisor of 595 and 245?
35
Calculate the greatest common factor of 540 and 54.
54
What is the highest common factor of 451 and 4223?
41
Calculate the highest common factor of 57 and 3667.
19
What is the highest common factor of 126 and 84?
42
What is the highest common divisor of 15 and 160?
5
Calculate the highest common divisor of 20 and 1550.
10
Calculate the greatest common factor of 64 and 8.
8
Calculate the greatest common divisor of 35 and 189.
7
What is the highest common divisor of 36 and 198?
18
Calculate the highest common factor of 93 and 1147.
31
Calculate the greatest common factor of 25 and 225.
25
Calculate the highest common divisor of 3995 and 35.
5
What is the greatest common divisor of 50354 and 34?
34
Calculate the highest common divisor of 38 and 1292.
38
What is the greatest common divisor of 50 and 690?
10
What is the greatest common divisor of 57 and 38?
19
What is the highest common divisor of 51 and 5763?
51
Calculate the highest common factor of 576 and 64.
64
Calculate the highest common divisor of 2320 and 8.
8
What is the highest common divisor of 99 and 63?
9
Calculate the greatest common divisor of 2368 and 74.
74
What is the greatest common divisor of 30 and 57?
3
Calculate the greatest common factor of 3475 and 25.
25
What is the greatest common factor of 1386 and 3654?
126
Calculate the highest common divisor of 1 and 19.
1
Calculate the greatest common factor of 81 and 135.
27
What is the highest common divisor of 94 and 141?
47
What is the greatest common divisor of 1856 and 522?
58
Calculate the highest common divisor of 45 and 285.
15
What is the greatest common divisor of 2085 and 75?
15
Calculate the greatest common divisor of 329 and 1183.
7
What is the highest common divisor of 4 and 112?
4
What is the greatest common factor of 26 and 3029?
13
What is the greatest common divisor of 935 and 17?
17
Calculate the highest common divisor of 46 and 437.
23
Calculate the highest common factor of 1394 and 102.
34
Calculate the greatest common factor of 28 and 1918.
14
Calculate the highest common divisor of 537 and 179.
179
Calculate the highest common divisor of 7 and 112.
7
Calculate the greatest common divisor of 1071 and 126.
63
What is the greatest common factor of 1548 and 48?
12
What is the greatest common divisor of 12 and 236?
4
Calculate the highest common divisor of 165 and 187.
11
Calculate the greatest common factor of 110 and 495.
55
Calculate the highest common factor of 950 and 266.
38
Calculate the greatest common factor of 46 and 207.
23
Calculate the greatest common factor of 3200 and 25.
25
What is the highest common factor of 171 and 304?
19
Calculate the greatest common divisor of 280 and 56.
56
What is the highest common factor of 12 and 9780?
12
Calculate the greatest common divisor of 1370 and 411.
137
What is the greatest common factor of 30 and 2545?
5
What is the greatest common divisor of 1691 and 89?
89
Calculate the highest common divisor of 338 and 7267.
169
What is the highest common divisor of 54 and 36?
18
Calculate the greatest common divisor of 272 and 187.
17
What is the greatest common factor of 26 and 1573?
13
What is the highest common divisor of 1763 and 41?
41
Calculate the highest common factor of 42 and 658.
14
What is the highest common divisor of 4477 and 11?
11
Calculate the highest common divisor of 33 and 121.
11
Calculate the greatest common factor of 23040 and 108.
36
Calculate the greatest common factor of 145 and 3886.
29
Calculate the greatest common factor of 133 and 1691.
19
What is the highest common factor of 11 and 209?
11
What is the highest common divisor of 304 and 832?
16
What is the highest common divisor of 672 and 96?
96
Calculate the highest common factor of 972 and 264.
12
Calculate the highest common divisor of 4 and 11.
1
Calculate the greatest common divisor of 267